{"id":66,"date":"2026-03-14T10:37:18","date_gmt":"2026-03-14T10:37:18","guid":{"rendered":"https:\/\/notariat.hotelsierra.de\/wordpress\/?page_id=66"},"modified":"2026-03-14T15:51:00","modified_gmt":"2026-03-14T15:51:00","slug":"notarin-susanne-schulze","status":"publish","type":"page","link":"https:\/\/www.notar-parsberg.de\/?page_id=66","title":{"rendered":"Notarin Schulze"},"content":{"rendered":"\n<p>geboren in N\u00fcrnberg<\/p>\n\n\n\n<h2 class=\"wp-block-heading\">Schule<\/h2>\n\n\n\n<p>1992-2001 Ohm-Gymnasium Erlangen<\/p>\n\n\n\n<h2 class=\"wp-block-heading\">Juristische Ausbildung<\/h2>\n\n\n\n<p>2001 \u2013 2006 Studium der Rechtswissenschaften, Acht Semester an der Universit\u00e4t Erlangen, Wahlfach: Steuerrecht<br>2006 \u2013 2008 Referendariat am Oberlandesgericht N\u00fcrnberg-F\u00fcrth, 2. Staatsexamen: Platzziffer 3 in Bayern<\/p>\n\n\n\n<h2 class=\"wp-block-heading\">Beruflicher Werdegang<\/h2>\n\n\n\n<p>3\/2009 \u2013 6\/2010 Notarassessor und Notarvertreter in Bad Staffelstein<br>6\/2010 \u2013 12\/2010 Notarvertreter in Traunstein<br>1\/2011 \u2013 2\/2011 Notariatsverwalter in Neumarkt i.d. OPf.<br>3\/2011 \u2013 7\/2011 Notariatsverwalter in Hof<br>8\/2011 \u2013 9\/2011 Notarvertreter in F\u00fcrth<br>6\/2012 \u2013 7\/2012 Notariatsverwalter in F\u00fcrstenfeldbruck<br>8\/2011 \u2013 3\/2013 Notarassessor und Notarvertreter in Schwabach<br>3\/2009 \u2013 3\/2013 Notarvertretungen (tage- und wochenweise) in\u00a0Bamberg, Cadolzburg, F\u00fcrth, W\u00fcrzburg, Neustadt bei Coburg, Rottenburg a.d. Laaber, Hof, M\u00fcnchberg, Ebern, Eltmann, Bad Griesbach, Eggenfelden, Waldkirchen, Gerolzhofen, Markt Erlbach, Uffenheim\/Scheinfeld, Neumarkt i.d.OPf., Lichtenfels, Kulmbach, Kemnath, Dinkelsb\u00fchl<br>\u00a0<br>Seit 1. Mai 2013 Notarin in Parsberg<\/p>\n\n\n\n<p><\/p>\n","protected":false},"excerpt":{"rendered":"<p>geboren in N\u00fcrnberg Schule 1992-2001 Ohm-Gymnasium Erlangen Juristische Ausbildung 2001 \u2013 2006 Studium der Rechtswissenschaften, Acht Semester an der Universit\u00e4t Erlangen, Wahlfach: Steuerrecht2006 \u2013 2008 Referendariat am Oberlandesgericht N\u00fcrnberg-F\u00fcrth, 2. Staatsexamen: Platzziffer 3 in Bayern Beruflicher Werdegang 3\/2009 \u2013 6\/2010 Notarassessor und Notarvertreter in Bad Staffelstein6\/2010 \u2013 12\/2010 Notarvertreter in Traunstein1\/2011 \u2013 2\/2011 Notariatsverwalter in &hellip; <\/p>\n<p class=\"link-more\"><a href=\"https:\/\/www.notar-parsberg.de\/?page_id=66\" class=\"more-link\">Mehr <span class=\"screen-reader-text\">\u00fcber &#8222;Notarin Schulze&#8220; <\/span>Lesen<\/a><\/p>\n","protected":false},"author":1,"featured_media":0,"parent":0,"menu_order":0,"comment_status":"closed","ping_status":"closed","template":"","meta":{"inspiro_hide_title":false,"footnotes":""},"class_list":["post-66","page","type-page","status-publish","hentry"],"_links":{"self":[{"href":"https:\/\/www.notar-parsberg.de\/index.php?rest_route=\/wp\/v2\/pages\/66","targetHints":{"allow":["GET"]}}],"collection":[{"href":"https:\/\/www.notar-parsberg.de\/index.php?rest_route=\/wp\/v2\/pages"}],"about":[{"href":"https:\/\/www.notar-parsberg.de\/index.php?rest_route=\/wp\/v2\/types\/page"}],"author":[{"embeddable":true,"href":"https:\/\/www.notar-parsberg.de\/index.php?rest_route=\/wp\/v2\/users\/1"}],"replies":[{"embeddable":true,"href":"https:\/\/www.notar-parsberg.de\/index.php?rest_route=%2Fwp%2Fv2%2Fcomments&post=66"}],"version-history":[{"count":3,"href":"https:\/\/www.notar-parsberg.de\/index.php?rest_route=\/wp\/v2\/pages\/66\/revisions"}],"predecessor-version":[{"id":232,"href":"https:\/\/www.notar-parsberg.de\/index.php?rest_route=\/wp\/v2\/pages\/66\/revisions\/232"}],"wp:attachment":[{"href":"https:\/\/www.notar-parsberg.de\/index.php?rest_route=%2Fwp%2Fv2%2Fmedia&parent=66"}],"curies":[{"name":"wp","href":"https:\/\/api.w.org\/{rel}","templated":true}]}}