{"id":227,"date":"2026-03-14T15:47:19","date_gmt":"2026-03-14T15:47:19","guid":{"rendered":"https:\/\/notariat.hotelsierra.de\/wordpress\/?page_id=227"},"modified":"2026-03-14T15:53:13","modified_gmt":"2026-03-14T15:53:13","slug":"information-zum-notaramt","status":"publish","type":"page","link":"https:\/\/www.notar-parsberg.de\/?page_id=227","title":{"rendered":"Information zum Notaramt"},"content":{"rendered":"\n<p>Den Notarinnen und Notaren sind als unabh\u00e4ngigen Tr\u00e4gern eines \u00f6ffentlichen Amtes hoheitliche Befugnisse zur vorsorgenden Rechtspflege in Deutschland \u00fcbertragen. Die Notare \u00fcben dabei pr\u00e4ventive Rechtskontrolle aus und errichten Urkunden, die bindende Beweiskraft gegen\u00fcber Gerichten haben und unmittelbar vollstreckbar sind.<\/p>\n\n\n\n<h2 class=\"wp-block-heading\"><strong>Unparteiisch<\/strong><\/h2>\n\n\n\n<p>Ihnen und Ihren Vertragspartnern stehen die Notarinnen und Notare als unparteiische Berater in komplizierten und folgenreichen Rechtsangelegenheiten zur Verf\u00fcgung.<\/p>\n\n\n\n<h2 class=\"wp-block-heading\"><strong>Verschwiegen<\/strong><\/h2>\n\n\n\n<p>\u00dcber alle Angelegenheiten, die dem Notar im Rahmen seiner Berufsaus\u00fcbung bekannt werden, hat er Verschwiegenheit gegen jedermann zu bewahren und diese Verschwiegenheit auch den bei ihm besch\u00e4ftigten Personen zur Pflicht zu machen.<\/p>\n\n\n\n<h2 class=\"wp-block-heading\"><strong>Modern<\/strong><\/h2>\n\n\n\n<p>Notare nehmen eine Vorreiterrolle im elektronischen Rechtsverkehr ein. Qualifizierte elektronische Signaturen mit Notarattribut genie\u00dfen inzwischen das gleiche Vertrauen wie Notarsiegel mit der eigenh\u00e4ndigen Unterschrift der Amtsperson.<\/p>\n\n\n\n<h2 class=\"wp-block-heading\"><strong>Sicher<\/strong><\/h2>\n\n\n\n<p>Die notarielle Urkunde &#8211; mit Brief und Siegel &#8211; ist der Inbegriff f\u00fcr Rechtssicherheit. Das Vertrauen, das ihr im Rechtsverkehr entgegengebracht wird, hat einen Ursprung: die Sorgfalt der Notarinnen und Notare.\u00a0\u00a0<\/p>\n\n\n\n<p><\/p>\n","protected":false},"excerpt":{"rendered":"<p>Den Notarinnen und Notaren sind als unabh\u00e4ngigen Tr\u00e4gern eines \u00f6ffentlichen Amtes hoheitliche Befugnisse zur vorsorgenden Rechtspflege in Deutschland \u00fcbertragen. Die Notare \u00fcben dabei pr\u00e4ventive Rechtskontrolle aus und errichten Urkunden, die bindende Beweiskraft gegen\u00fcber Gerichten haben und unmittelbar vollstreckbar sind. Unparteiisch Ihnen und Ihren Vertragspartnern stehen die Notarinnen und Notare als unparteiische Berater in komplizierten und &hellip; <\/p>\n<p class=\"link-more\"><a href=\"https:\/\/www.notar-parsberg.de\/?page_id=227\" class=\"more-link\">Mehr <span class=\"screen-reader-text\">\u00fcber &#8222;Information zum Notaramt&#8220; <\/span>Lesen<\/a><\/p>\n","protected":false},"author":1,"featured_media":0,"parent":0,"menu_order":0,"comment_status":"closed","ping_status":"closed","template":"","meta":{"inspiro_hide_title":false,"footnotes":""},"class_list":["post-227","page","type-page","status-publish","hentry"],"_links":{"self":[{"href":"https:\/\/www.notar-parsberg.de\/index.php?rest_route=\/wp\/v2\/pages\/227","targetHints":{"allow":["GET"]}}],"collection":[{"href":"https:\/\/www.notar-parsberg.de\/index.php?rest_route=\/wp\/v2\/pages"}],"about":[{"href":"https:\/\/www.notar-parsberg.de\/index.php?rest_route=\/wp\/v2\/types\/page"}],"author":[{"embeddable":true,"href":"https:\/\/www.notar-parsberg.de\/index.php?rest_route=\/wp\/v2\/users\/1"}],"replies":[{"embeddable":true,"href":"https:\/\/www.notar-parsberg.de\/index.php?rest_route=%2Fwp%2Fv2%2Fcomments&post=227"}],"version-history":[{"count":3,"href":"https:\/\/www.notar-parsberg.de\/index.php?rest_route=\/wp\/v2\/pages\/227\/revisions"}],"predecessor-version":[{"id":234,"href":"https:\/\/www.notar-parsberg.de\/index.php?rest_route=\/wp\/v2\/pages\/227\/revisions\/234"}],"wp:attachment":[{"href":"https:\/\/www.notar-parsberg.de\/index.php?rest_route=%2Fwp%2Fv2%2Fmedia&parent=227"}],"curies":[{"name":"wp","href":"https:\/\/api.w.org\/{rel}","templated":true}]}}