{"id":123,"date":"2026-03-14T11:57:14","date_gmt":"2026-03-14T11:57:14","guid":{"rendered":"https:\/\/notariat.hotelsierra.de\/wordpress\/?page_id=123"},"modified":"2026-03-14T16:31:38","modified_gmt":"2026-03-14T16:31:38","slug":"broschueren","status":"publish","type":"page","link":"https:\/\/www.notar-parsberg.de\/?page_id=123","title":{"rendered":"Brosch\u00fcren"},"content":{"rendered":"\n<p>Auf dieser Seite k\u00f6nnen Sie sich die in meiner Kanzlei ausliegenden Informationsbrosch\u00fcren des Bayerischen Notarvereins als PDF-Datei ansehen bzw. kostenlos herunterladen. Klicken Sie hierzu einfach auf den entsprechenden Link.<br><br>Brosch\u00fcre: &#8222;Behalten Sie Ihr Leben in der Hand. Mit einer Vorsorgevollmacht und Patientenverf\u00fcgung.&#8220;<br><br>Brosch\u00fcre\u00a0 &#8222;Alles was Recht ist. Mit einem Notar stehen Sie auf der sicheren Seite.&#8220;<br><br>Brosch\u00fcre &#8222;Der Rosenkrieg. Oder: wie man ihn verhindert.&#8220;<br><br>Brosch\u00fcre &#8222;Geerbt. Geschenkt. Gestritten. Muss nicht sein.&#8220;.<br><br>Brosch\u00fcre &#8222;Grund und Boden. Aber sicher.&#8220;<br><br>Brosch\u00fcre &#8222;Wenn Unternehmen Form annehmen.&#8220;<br><br>Brosch\u00fcre &#8222;Die Immobilie vom Bautr\u00e4ger.&#8220;<br><br>Die Brosch\u00fcren k\u00f6nnen Ihnen als erste Information f\u00fcr bevorstehende notarielle Beurkundungen dienen. Selbstverst\u00e4ndlich k\u00f6nnen Sie zu allen Themen jederzeit Beratungstermine mit meinem B\u00fcro vereinbaren. Wir entwickeln dann eine f\u00fcr Sie ma\u00dfgeschneiderte L\u00f6sung.\u00a0\u00a0<\/p>\n\n\n\n<p><\/p>\n","protected":false},"excerpt":{"rendered":"<p>Auf dieser Seite k\u00f6nnen Sie sich die in meiner Kanzlei ausliegenden Informationsbrosch\u00fcren des Bayerischen Notarvereins als PDF-Datei ansehen bzw. kostenlos herunterladen. Klicken Sie hierzu einfach auf den entsprechenden Link. Brosch\u00fcre: &#8222;Behalten Sie Ihr Leben in der Hand. Mit einer Vorsorgevollmacht und Patientenverf\u00fcgung.&#8220; Brosch\u00fcre\u00a0 &#8222;Alles was Recht ist. Mit einem Notar stehen Sie auf der sicheren &hellip; <\/p>\n<p class=\"link-more\"><a href=\"https:\/\/www.notar-parsberg.de\/?page_id=123\" class=\"more-link\">Mehr <span class=\"screen-reader-text\">\u00fcber &#8222;Brosch\u00fcren&#8220; <\/span>Lesen<\/a><\/p>\n","protected":false},"author":1,"featured_media":0,"parent":0,"menu_order":0,"comment_status":"closed","ping_status":"closed","template":"","meta":{"inspiro_hide_title":false,"footnotes":""},"class_list":["post-123","page","type-page","status-publish","hentry"],"_links":{"self":[{"href":"https:\/\/www.notar-parsberg.de\/index.php?rest_route=\/wp\/v2\/pages\/123","targetHints":{"allow":["GET"]}}],"collection":[{"href":"https:\/\/www.notar-parsberg.de\/index.php?rest_route=\/wp\/v2\/pages"}],"about":[{"href":"https:\/\/www.notar-parsberg.de\/index.php?rest_route=\/wp\/v2\/types\/page"}],"author":[{"embeddable":true,"href":"https:\/\/www.notar-parsberg.de\/index.php?rest_route=\/wp\/v2\/users\/1"}],"replies":[{"embeddable":true,"href":"https:\/\/www.notar-parsberg.de\/index.php?rest_route=%2Fwp%2Fv2%2Fcomments&post=123"}],"version-history":[{"count":2,"href":"https:\/\/www.notar-parsberg.de\/index.php?rest_route=\/wp\/v2\/pages\/123\/revisions"}],"predecessor-version":[{"id":267,"href":"https:\/\/www.notar-parsberg.de\/index.php?rest_route=\/wp\/v2\/pages\/123\/revisions\/267"}],"wp:attachment":[{"href":"https:\/\/www.notar-parsberg.de\/index.php?rest_route=%2Fwp%2Fv2%2Fmedia&parent=123"}],"curies":[{"name":"wp","href":"https:\/\/api.w.org\/{rel}","templated":true}]}}