{"id":116,"date":"2026-03-14T11:54:30","date_gmt":"2026-03-14T11:54:30","guid":{"rendered":"https:\/\/notariat.hotelsierra.de\/wordpress\/?page_id=116"},"modified":"2026-03-14T15:56:21","modified_gmt":"2026-03-14T15:56:21","slug":"checklisten-und-broschueren","status":"publish","type":"page","link":"https:\/\/www.notar-parsberg.de\/?page_id=116","title":{"rendered":"Leistungen"},"content":{"rendered":"\n<h2 class=\"wp-block-heading\">Notarielle T\u00e4tigkeitsfelder<\/h2>\n\n\n\n<p>Im Mittelpunkt der Aufmerksamkeit des Notars steht immer der Mensch. Denn ebenso wichtig wie \u00e4u\u00dferste Genauigkeit und fundiertes Wissen ist Verst\u00e4ndnis f\u00fcr Ihre Anliegen, Sorgen und N\u00f6te.<\/p>\n\n\n\n<p>Notarinnen und Notare sind zust\u00e4ndig f\u00fcr&nbsp;<strong>Beurkundungen jeder Art<\/strong>&nbsp;sowie f\u00fcr die<strong>&nbsp;Beglaubigung von Unterschriften<\/strong>, Handzeichen und Abschriften. F\u00fcr eine Vielzahl von Rechtsgesch\u00e4ften ist&nbsp;die Beurkundung durch einen Notar sogar&nbsp;<strong>gesetzlich vorgeschrieben<\/strong>. Dies ist immer dort der Fall, wo der Gesetzgeber die Mithilfe des Notars wegen der weitreichenden pers\u00f6nlichen und wirtschaftlichen Folgen f\u00fcr die Beteiligten f\u00fcr geboten h\u00e4lt.<\/p>\n\n\n\n<p>Notare errichten\u00a0<strong>vollstreckbare Urkunden<\/strong>. Aus ihnen findet wie aus f\u00fcr vollstreckbar erkl\u00e4rten gerichtlichen Endurteilen die Zwangsvollstreckung statt. Auch sind Schiedsspr\u00fcche nur vollstreckbar, wenn sie von einem staatlichen Gericht oder einem Notar f\u00fcr vollstreckbar erkl\u00e4rt wurden.<\/p>\n\n\n\n<p>Dar\u00fcber hinaus nehmen sie<strong>&nbsp;Verlosungen und Auslosungen<\/strong>&nbsp;vor und erstellen Verm\u00f6gensverzeichnisse. Sie k\u00f6nnen aber auch<strong>&nbsp;freiwillige Versteigerungen<\/strong>&nbsp;durchf\u00fchren und Vermittlung von Nachlass- und Gesamtgutauseinandersetzungen vornehmen. Daneben k\u00f6nnen Notare in Angelegenheiten der freiwilligen Gerichtsbarkeit beraten und vertreten, als Schiedsrichter t\u00e4tig sein,<strong>&nbsp;Eide abnehmen<\/strong>, Bescheinigungen ausstellen und Wertpapiere sowie Kostbarkeiten verwahren.<\/p>\n\n\n\n<ul class=\"wp-block-list\">\n<li><strong>Vorsorgende Rechtspflege.<\/strong>\u00a0Notarinnen und Notare sind auf dem Gebiet der vorsorgenden Rechtspflege t\u00e4tig. Sie sind wie Richter staatlich bestellt, unabh\u00e4ngig, unparteilich und Tr\u00e4ger eines \u00f6ffentlichen Amtes. Im Gegensatz zur streitigen Justiz k\u00fcmmern sich Notarinnen und Notare jedoch um Streitvermeidung und sichere Vertragsgestaltung im Vorfeld. Notarinnen und Notare stehen Ihnen und Ihren Vertragspartnern als verschwiegener Berater in komplizierten und folgenreichen Rechtsangelegenheiten zur Verf\u00fcgung.<\/li>\n\n\n\n<li><strong>H\u00f6chste Qualit\u00e4t.<\/strong>\u00a0Notarinnen und Notare verbinden h\u00f6chste juristische Anspr\u00fcche mit einem Berufsethos, der von Neutralit\u00e4t und der W\u00fcrde eines \u00f6ffentlichen Amtes gepr\u00e4gt ist. Zum Notar werden nur besonders qualifizierte und erfahrene Volljuristen bestellt, deren Urkunden f\u00fcr Rechtssicherheit, Rechtsfrieden und Schutz des Unerfahrenen sorgen.<\/li>\n\n\n\n<li><strong>Gleichm\u00e4\u00dfiger Zugang.<\/strong>\u00a0Der hoheitliche Charakter der Notart\u00e4tigkeiten verb\u00fcrgt nicht nur erstklassige vorsorgende Rechtspflege, sondern auch einen gleichm\u00e4\u00dfigen Zugang zur juristischen Beratung. Das Gerichts- und Notarkostengesetz (GNotKG) sieht ein besonders\u00a0<strong>soziales Geb\u00fchrensystem<\/strong>\u00a0vor: Jeder kann sich seinen Notar leisten, weil dessen Kosten sich nach dem Wert der Transaktion richten. Die einer Beurkundung vorausgehende Beratung einschlie\u00dflich Entwurfsfertigungen sind mit der Beurkundungs\u00adgeb\u00fchr abgegolten. Dabei kommt es nicht darauf an, wie viel Zeit sich die Notarin oder der Notar genommen hat.<\/li>\n<\/ul>\n","protected":false},"excerpt":{"rendered":"<p>Notarielle T\u00e4tigkeitsfelder Im Mittelpunkt der Aufmerksamkeit des Notars steht immer der Mensch. Denn ebenso wichtig wie \u00e4u\u00dferste Genauigkeit und fundiertes Wissen ist Verst\u00e4ndnis f\u00fcr Ihre Anliegen, Sorgen und N\u00f6te. Notarinnen und Notare sind zust\u00e4ndig f\u00fcr&nbsp;Beurkundungen jeder Art&nbsp;sowie f\u00fcr die&nbsp;Beglaubigung von Unterschriften, Handzeichen und Abschriften. F\u00fcr eine Vielzahl von Rechtsgesch\u00e4ften ist&nbsp;die Beurkundung durch einen Notar sogar&nbsp;gesetzlich &hellip; <\/p>\n<p class=\"link-more\"><a href=\"https:\/\/www.notar-parsberg.de\/?page_id=116\" class=\"more-link\">Mehr <span class=\"screen-reader-text\">\u00fcber &#8222;Leistungen&#8220; <\/span>Lesen<\/a><\/p>\n","protected":false},"author":1,"featured_media":0,"parent":0,"menu_order":0,"comment_status":"closed","ping_status":"closed","template":"","meta":{"inspiro_hide_title":false,"footnotes":""},"class_list":["post-116","page","type-page","status-publish","hentry"],"_links":{"self":[{"href":"https:\/\/www.notar-parsberg.de\/index.php?rest_route=\/wp\/v2\/pages\/116","targetHints":{"allow":["GET"]}}],"collection":[{"href":"https:\/\/www.notar-parsberg.de\/index.php?rest_route=\/wp\/v2\/pages"}],"about":[{"href":"https:\/\/www.notar-parsberg.de\/index.php?rest_route=\/wp\/v2\/types\/page"}],"author":[{"embeddable":true,"href":"https:\/\/www.notar-parsberg.de\/index.php?rest_route=\/wp\/v2\/users\/1"}],"replies":[{"embeddable":true,"href":"https:\/\/www.notar-parsberg.de\/index.php?rest_route=%2Fwp%2Fv2%2Fcomments&post=116"}],"version-history":[{"count":6,"href":"https:\/\/www.notar-parsberg.de\/index.php?rest_route=\/wp\/v2\/pages\/116\/revisions"}],"predecessor-version":[{"id":236,"href":"https:\/\/www.notar-parsberg.de\/index.php?rest_route=\/wp\/v2\/pages\/116\/revisions\/236"}],"wp:attachment":[{"href":"https:\/\/www.notar-parsberg.de\/index.php?rest_route=%2Fwp%2Fv2%2Fmedia&parent=116"}],"curies":[{"name":"wp","href":"https:\/\/api.w.org\/{rel}","templated":true}]}}